{"id":176,"date":"2019-10-21T02:28:56","date_gmt":"2019-10-21T05:28:56","guid":{"rendered":"http:\/\/npcperformance.web7045.uni5.net\/site\/?page_id=176"},"modified":"2019-11-21T16:31:37","modified_gmt":"2019-11-21T19:31:37","slug":"quem-somos","status":"publish","type":"page","link":"https:\/\/npcperformance.com.br\/site\/quem-somos\/","title":{"rendered":"QUEM SOMOS"},"content":{"rendered":"<h1>PIONEIROS<\/h1>\n<h1>DESDE 1981<\/h1>\n<div>A NPC Performance, empresa pioneira no setor automotivo desde 1981, voltada exclusivamente a regulagem e afina\u00e7\u00e3o de motores, atua h\u00e1 29 anos na manuten\u00e7\u00e3o de ve\u00edculos equipados com inje\u00e7\u00e3o eletr\u00f4nica.<\/div>\n<div>Sempre presente no mercado automotivo, possui profissionais aptos a manuten\u00e7\u00e3o e repara\u00e7\u00e3o dos mais antigos at\u00e9 os mais complexos e modernos sistemas de inje\u00e7\u00e3o eletr\u00f4nica da atualidade.<br \/>\nEstamos equipados com os mais sofisticados equipamentos de diagnose, repara\u00e7\u00e3o e limpeza de bicos injetores.<\/div>\n<p>\n    <a href=\"contato\/\">FALE CONOSCO<\/a>\n<\/p>\n<p><!-- {\"type\":\"layout\",\"children\":[{\"type\":\"section\",\"props\":{\"style\":\"default\",\"width\":\"xsmall\",\"vertical_align\":\"middle\",\"title_position\":\"top-left\",\"title_rotation\":\"left\",\"title_breakpoint\":\"xl\",\"image_position\":\"center-center\",\"text_color\":\"\",\"width_expand\":\"\",\"height\":\"\",\"padding\":\"large\",\"header_transparent\":\"\",\"animation\":\"\",\"image\":\"wp-content\\\/uploads\\\/2019\\\/10\\\/bg-quem.jpg\"},\"children\":[{\"type\":\"row\",\"props\":{\"layout\":\"1-1\",\"breakpoint\":\"m\",\"fixed_width\":\"large\",\"gutter\":\"\",\"width\":\"\",\"width_expand\":\"\",\"height\":\"\",\"margin\":\"\"},\"children\":[{\"type\":\"column\",\"props\":{\"widths\":[\"1-1\"],\"image_position\":\"center-center\",\"media_overlay_gradient\":\"\",\"vertical_align\":\"\",\"style\":\"\",\"text_color\":\"\",\"padding\":\"\"},\"children\":[{\"type\":\"headline\",\"props\":{\"title_element\":\"h1\",\"title_style\":\"heading-small\",\"title_decoration\":\"\",\"title_font_family\":\"primary\",\"title_color\":\"\",\"position\":\"\",\"position_z_index\":\"\",\"margin\":\"remove-vertical\",\"maxwidth\":\"\",\"maxwidth_breakpoint\":\"\",\"block_align\":\"\",\"block_align_breakpoint\":\"\",\"block_align_fallback\":\"\",\"text_align\":\"center\",\"text_align_breakpoint\":\"\",\"text_align_fallback\":\"\",\"animation\":\"\",\"visibility\":\"\",\"content\":\"PIONEIROS\",\"position_top\":\"10\"}},{\"type\":\"headline\",\"props\":{\"title_element\":\"h1\",\"title_style\":\"heading-large\",\"title_decoration\":\"\",\"title_font_family\":\"primary\",\"title_color\":\"danger\",\"position\":\"\",\"position_z_index\":\"\",\"margin\":\"\",\"maxwidth\":\"\",\"maxwidth_breakpoint\":\"\",\"block_align\":\"\",\"block_align_breakpoint\":\"\",\"block_align_fallback\":\"\",\"text_align\":\"center\",\"text_align_breakpoint\":\"\",\"text_align_fallback\":\"\",\"animation\":\"\",\"visibility\":\"\",\"content\":\"DESDE 1981\",\"margin_remove_top\":true,\"position_top\":\"-10\"}},{\"type\":\"text\",\"props\":{\"margin\":\"default\",\"column_breakpoint\":\"m\",\"text_style\":\"\",\"text_color\":\"\",\"text_size\":\"\",\"column\":\"\",\"position\":\"\",\"position_z_index\":\"\",\"maxwidth\":\"\",\"maxwidth_breakpoint\":\"\",\"block_align\":\"\",\"block_align_breakpoint\":\"\",\"block_align_fallback\":\"\",\"text_align\":\"left\",\"text_align_breakpoint\":\"m\",\"text_align_fallback\":\"center\",\"animation\":\"\",\"visibility\":\"\",\"content\":\"A NPC Performance, empresa pioneira no setor automotivo desde 1981, voltada exclusivamente a regulagem e afina\\u00e7\\u00e3o de motores, atua h\\u00e1 29 anos na manuten\\u00e7\\u00e3o de ve\\u00edculos equipados com inje\\u00e7\\u00e3o eletr\\u00f4nica.\"}},{\"type\":\"text\",\"props\":{\"margin\":\"default\",\"column_breakpoint\":\"m\",\"text_style\":\"\",\"text_color\":\"\",\"text_size\":\"\",\"column\":\"\",\"position\":\"\",\"position_z_index\":\"\",\"maxwidth\":\"\",\"maxwidth_breakpoint\":\"\",\"block_align\":\"\",\"block_align_breakpoint\":\"\",\"block_align_fallback\":\"\",\"text_align\":\"left\",\"text_align_breakpoint\":\"m\",\"text_align_fallback\":\"center\",\"animation\":\"\",\"visibility\":\"\",\"content\":\"Sempre presente no mercado automotivo, possui profissionais aptos a manuten\\u00e7\\u00e3o e repara\\u00e7\\u00e3o dos mais antigos at\\u00e9 os mais complexos e modernos sistemas de inje\\u00e7\\u00e3o eletr\\u00f4nica da atualidade.\\nEstamos equipados com os mais sofisticados equipamentos de diagnose, repara\\u00e7\\u00e3o e limpeza de bicos injetores.\"}},{\"type\":\"button\",\"props\":{\"gutter\":\"small\",\"margin\":\"default\",\"button_size\":\"\",\"position\":\"\",\"position_z_index\":\"\",\"maxwidth\":\"\",\"maxwidth_breakpoint\":\"\",\"block_align\":\"\",\"block_align_breakpoint\":\"\",\"block_align_fallback\":\"\",\"text_align\":\"center\",\"text_align_breakpoint\":\"\",\"text_align_fallback\":\"\",\"animation\":\"\",\"visibility\":\"\"},\"children\":[{\"type\":\"button_item\",\"props\":{\"button_style\":\"default\",\"icon_align\":\"left\",\"link_target\":\"\",\"content\":\"FALE CONOSCO\",\"link\":\"contato\\\/\"}}]}]}]}]}],\"version\":\"1.21.10\",\"props\":[]} --><\/p>\n","protected":false},"excerpt":{"rendered":"<p>PIONEIROS DESDE 1981 A NPC Performance, empresa pioneira no setor automotivo desde 1981, voltada exclusivamente a regulagem e afina\u00e7\u00e3o de motores, atua h\u00e1 29 anos na manuten\u00e7\u00e3o de ve\u00edculos equipados com inje\u00e7\u00e3o eletr\u00f4nica. Sempre presente no mercado automotivo, possui profissionais aptos a manuten\u00e7\u00e3o e repara\u00e7\u00e3o dos mais antigos at\u00e9 os mais complexos e modernos sistemas [&hellip;]<\/p>\n","protected":false},"author":1,"featured_media":0,"parent":0,"menu_order":0,"comment_status":"closed","ping_status":"closed","template":"","meta":{"_acf_changed":false,"_joinchat":[],"footnotes":""},"class_list":["post-176","page","type-page","status-publish","hentry"],"acf":[],"_links":{"self":[{"href":"https:\/\/npcperformance.com.br\/site\/wp-json\/wp\/v2\/pages\/176","targetHints":{"allow":["GET"]}}],"collection":[{"href":"https:\/\/npcperformance.com.br\/site\/wp-json\/wp\/v2\/pages"}],"about":[{"href":"https:\/\/npcperformance.com.br\/site\/wp-json\/wp\/v2\/types\/page"}],"author":[{"embeddable":true,"href":"https:\/\/npcperformance.com.br\/site\/wp-json\/wp\/v2\/users\/1"}],"replies":[{"embeddable":true,"href":"https:\/\/npcperformance.com.br\/site\/wp-json\/wp\/v2\/comments?post=176"}],"version-history":[{"count":10,"href":"https:\/\/npcperformance.com.br\/site\/wp-json\/wp\/v2\/pages\/176\/revisions"}],"predecessor-version":[{"id":434,"href":"https:\/\/npcperformance.com.br\/site\/wp-json\/wp\/v2\/pages\/176\/revisions\/434"}],"wp:attachment":[{"href":"https:\/\/npcperformance.com.br\/site\/wp-json\/wp\/v2\/media?parent=176"}],"curies":[{"name":"wp","href":"https:\/\/api.w.org\/{rel}","templated":true}]}}