{"id":16,"date":"2019-10-11T18:45:55","date_gmt":"2019-10-11T21:45:55","guid":{"rendered":"http:\/\/npcperformance.web7045.uni5.net\/site\/?page_id=16"},"modified":"2019-12-05T16:39:36","modified_gmt":"2019-12-05T19:39:36","slug":"mecanica-especializada","status":"publish","type":"page","link":"https:\/\/npcperformance.com.br\/site\/mecanica-especializada\/","title":{"rendered":"MEC\u00c2NICA ESPECIALIZADA"},"content":{"rendered":"<h1>MEC\u00c2NICA<\/h1>\n<h1>ESPECIALIZADA<\/h1>\n<ul>\n<li>\n<p>        <img decoding=\"async\" src=\"wp-content\/uploads\/2019\/10\/npc-show-marcas-mercedes.png\" alt=\"\"><\/p>\n<h3>npc-show-marcas-mercedes<\/h3>\n<\/li>\n<li>\n<p>        <img decoding=\"async\" src=\"wp-content\/uploads\/2019\/10\/npc-show-marcas-bmw-1.png\" alt=\"\"><\/p>\n<h3>npc-show-marcas-bmw<\/h3>\n<\/li>\n<li>\n<p>        <img decoding=\"async\" src=\"wp-content\/uploads\/2019\/10\/npc-show-marcas-porsche.png\" alt=\"\"><\/p>\n<h3>npc-show-marcas-porsche<\/h3>\n<\/li>\n<li>\n<p>        <img decoding=\"async\" src=\"wp-content\/uploads\/2019\/10\/npc-show-marcas-audi.png\" alt=\"\"><\/p>\n<h3>npc-show-marcas-audi<\/h3>\n<\/li>\n<li>\n<p>        <img decoding=\"async\" src=\"wp-content\/uploads\/2019\/10\/npc-show-marcas-ferrari.png\" alt=\"\"><\/p>\n<h3>npc-show-marcas-ferrari<\/h3>\n<\/li>\n<li>\n<p>        <img decoding=\"async\" src=\"wp-content\/uploads\/2019\/10\/npc-show-marcas-alfa.png\" alt=\"\"><\/p>\n<h3>npc-show-marcas-alfa<\/h3>\n<\/li>\n<li>\n<p>        <img decoding=\"async\" src=\"wp-content\/uploads\/2019\/10\/npc-show-marcas-lamb.png\" alt=\"\"><\/p>\n<h3>npc-show-marcas-lamb<\/h3>\n<\/li>\n<li>\n<p>        <img decoding=\"async\" src=\"wp-content\/uploads\/2019\/10\/npc-show-marcas-jag.png\" alt=\"\"><\/p>\n<h3>npc-show-marcas-jag<\/h3>\n<\/li>\n<li>\n<p>        <img decoding=\"async\" src=\"wp-content\/uploads\/2019\/10\/npc-show-marcas-rolls.png\" alt=\"\"><\/p>\n<h3>npc-show-marcas-rolls<\/h3>\n<\/li>\n<li>\n<p>        <img decoding=\"async\" src=\"wp-content\/uploads\/2019\/10\/npc-show-marcas-bentley.png\" alt=\"\"><\/p>\n<h3>npc-show-marcas-bentley<\/h3>\n<\/li>\n<li>\n<p>        <img decoding=\"async\" src=\"wp-content\/uploads\/2019\/10\/npc-show-marcas-land.png\" alt=\"\"><\/p>\n<h3>npc-show-marcas-land<\/h3>\n<\/li>\n<li>\n<p>        <img decoding=\"async\" src=\"wp-content\/uploads\/2019\/10\/npc-show-marcas-nissan.png\" alt=\"\"><\/p>\n<h3>npc-show-marcas-nissan<\/h3>\n<\/li>\n<\/ul>\n<h1>Fazemos manuten\u00e7\u00f5es preventivas e corretivas e todos os tipos de ve\u00edculos, importados e nacionais. Revis\u00f5es b\u00e1sicas para carros populares, esportivos ou cl\u00e1ssicos.<\/h1>\n<p><!-- {\"type\":\"layout\",\"children\":[{\"type\":\"section\",\"props\":{\"style\":\"default\",\"width\":\"xsmall\",\"vertical_align\":\"middle\",\"title_position\":\"top-left\",\"title_rotation\":\"left\",\"title_breakpoint\":\"xl\",\"image_position\":\"center-center\",\"text_color\":\"\",\"width_expand\":\"\",\"height\":\"\",\"padding\":\"\",\"header_transparent\":\"\",\"animation\":\"\",\"image\":\"wp-content\\\/uploads\\\/2019\\\/10\\\/bg-mecanica.jpg\",\"image_size\":\"cover\",\"image_effect\":\"\",\"image_parallax_breakpoint\":\"\",\"image_visibility\":\"\",\"video_width\":\"\",\"video_height\":\"\",\"media_blend_mode\":\"\"},\"children\":[{\"type\":\"row\",\"props\":{\"layout\":\"1-1\",\"breakpoint\":\"m\",\"fixed_width\":\"large\",\"gutter\":\"\",\"width\":\"\",\"width_expand\":\"\",\"height\":\"\",\"margin\":\"\"},\"children\":[{\"type\":\"column\",\"props\":{\"widths\":[\"1-1\"],\"image_position\":\"center-center\",\"media_overlay_gradient\":\"\",\"vertical_align\":\"\",\"style\":\"\",\"text_color\":\"\",\"padding\":\"\"},\"children\":[{\"type\":\"headline\",\"props\":{\"title_element\":\"h1\",\"title_style\":\"heading-medium\",\"title_decoration\":\"\",\"title_font_family\":\"primary\",\"title_color\":\"danger\",\"position\":\"\",\"position_z_index\":\"\",\"margin\":\"\",\"maxwidth\":\"\",\"maxwidth_breakpoint\":\"\",\"block_align\":\"\",\"block_align_breakpoint\":\"\",\"block_align_fallback\":\"\",\"text_align\":\"center\",\"text_align_breakpoint\":\"\",\"text_align_fallback\":\"\",\"animation\":\"\",\"visibility\":\"\",\"content\":\"MEC\\u00c2NICA\",\"margin_remove_bottom\":true}},{\"type\":\"headline\",\"props\":{\"title_element\":\"h1\",\"title_style\":\"h2\",\"title_decoration\":\"\",\"title_font_family\":\"\",\"title_color\":\"\",\"position\":\"\",\"position_z_index\":\"\",\"margin\":\"\",\"maxwidth\":\"\",\"maxwidth_breakpoint\":\"\",\"block_align\":\"\",\"block_align_breakpoint\":\"\",\"block_align_fallback\":\"\",\"text_align\":\"center\",\"text_align_breakpoint\":\"\",\"text_align_fallback\":\"\",\"animation\":\"\",\"visibility\":\"\",\"content\":\"ESPECIALIZADA\",\"margin_remove_top\":true}},{\"type\":\"grid\",\"props\":{\"show_title\":false,\"show_meta\":false,\"show_content\":false,\"show_image\":true,\"show_link\":false,\"grid_default\":\"4\",\"grid_medium\":\"\",\"filter_style\":\"tab\",\"filter_all\":true,\"filter_position\":\"top\",\"filter_align\":\"left\",\"filter_grid_width\":\"auto\",\"filter_breakpoint\":\"m\",\"title_hover_style\":\"reset\",\"title_element\":\"h3\",\"title_align\":\"top\",\"title_grid_width\":\"1-2\",\"title_breakpoint\":\"m\",\"meta_style\":\"meta\",\"meta_align\":\"below-title\",\"icon_ratio\":4,\"image_align\":\"top\",\"image_grid_width\":\"1-2\",\"image_breakpoint\":\"m\",\"image_svg_color\":\"emphasis\",\"link_text\":\"Read more\",\"link_style\":\"default\",\"margin\":\"large\",\"item_animation\":\"\",\"gutter\":\"\",\"grid_small\":\"6\",\"grid_large\":\"\",\"grid_xlarge\":\"\",\"filter_margin\":\"\",\"filter_gutter\":\"\",\"title_display\":\"\",\"content_display\":\"\",\"panel_style\":\"\",\"panel_content_padding\":\"\",\"panel_size\":\"\",\"item_maxwidth\":\"\",\"title_style\":\"\",\"title_decoration\":\"\",\"title_font_family\":\"\",\"title_color\":\"\",\"title_gutter\":\"\",\"title_margin\":\"\",\"meta_color\":\"\",\"meta_margin\":\"\",\"content_style\":\"\",\"content_margin\":\"\",\"image_transition\":\"\",\"image_border\":\"\",\"image_box_shadow\":\"\",\"image_hover_box_shadow\":\"\",\"image_box_decoration\":\"\",\"icon_color\":\"\",\"image_gutter\":\"\",\"image_margin\":\"\",\"link_type\":\"\",\"link_size\":\"\",\"link_margin\":\"\",\"position\":\"\",\"position_z_index\":\"\",\"maxwidth\":\"\",\"maxwidth_breakpoint\":\"\",\"block_align\":\"center\",\"block_align_breakpoint\":\"\",\"block_align_fallback\":\"\",\"text_align\":\"\",\"text_align_breakpoint\":\"\",\"text_align_fallback\":\"\",\"visibility\":\"\",\"panel_card_image\":true},\"children\":[{\"type\":\"grid_item\",\"props\":{\"title\":\"npc-show-marcas-mercedes\",\"image\":\"wp-content\\\/uploads\\\/2019\\\/10\\\/npc-show-marcas-mercedes.png\"}},{\"type\":\"grid_item\",\"props\":{\"title\":\"npc-show-marcas-bmw\",\"image\":\"wp-content\\\/uploads\\\/2019\\\/10\\\/npc-show-marcas-bmw-1.png\"}},{\"type\":\"grid_item\",\"props\":{\"title\":\"npc-show-marcas-porsche\",\"image\":\"wp-content\\\/uploads\\\/2019\\\/10\\\/npc-show-marcas-porsche.png\"}},{\"type\":\"grid_item\",\"props\":{\"title\":\"npc-show-marcas-audi\",\"image\":\"wp-content\\\/uploads\\\/2019\\\/10\\\/npc-show-marcas-audi.png\"}},{\"type\":\"grid_item\",\"props\":{\"title\":\"npc-show-marcas-ferrari\",\"image\":\"wp-content\\\/uploads\\\/2019\\\/10\\\/npc-show-marcas-ferrari.png\"}},{\"type\":\"grid_item\",\"props\":{\"title\":\"npc-show-marcas-alfa\",\"image\":\"wp-content\\\/uploads\\\/2019\\\/10\\\/npc-show-marcas-alfa.png\"}},{\"type\":\"grid_item\",\"props\":{\"title\":\"npc-show-marcas-lamb\",\"image\":\"wp-content\\\/uploads\\\/2019\\\/10\\\/npc-show-marcas-lamb.png\"}},{\"type\":\"grid_item\",\"props\":{\"title\":\"npc-show-marcas-jag\",\"image\":\"wp-content\\\/uploads\\\/2019\\\/10\\\/npc-show-marcas-jag.png\"}},{\"type\":\"grid_item\",\"props\":{\"title\":\"npc-show-marcas-rolls\",\"image\":\"wp-content\\\/uploads\\\/2019\\\/10\\\/npc-show-marcas-rolls.png\"}},{\"type\":\"grid_item\",\"props\":{\"title\":\"npc-show-marcas-bentley\",\"image\":\"wp-content\\\/uploads\\\/2019\\\/10\\\/npc-show-marcas-bentley.png\"}},{\"type\":\"grid_item\",\"props\":{\"title\":\"npc-show-marcas-land\",\"image\":\"wp-content\\\/uploads\\\/2019\\\/10\\\/npc-show-marcas-land.png\"}},{\"type\":\"grid_item\",\"props\":{\"title\":\"npc-show-marcas-nissan\",\"image\":\"wp-content\\\/uploads\\\/2019\\\/10\\\/npc-show-marcas-nissan.png\"}}]},{\"type\":\"headline\",\"props\":{\"title_element\":\"h1\",\"title_style\":\"h6\",\"title_decoration\":\"\",\"title_font_family\":\"\",\"title_color\":\"\",\"position\":\"\",\"position_z_index\":\"\",\"margin\":\"\",\"maxwidth\":\"\",\"maxwidth_breakpoint\":\"\",\"block_align\":\"\",\"block_align_breakpoint\":\"\",\"block_align_fallback\":\"\",\"text_align\":\"center\",\"text_align_breakpoint\":\"\",\"text_align_fallback\":\"\",\"animation\":\"\",\"visibility\":\"\",\"content\":\"Fazemos manuten\\u00e7\\u00f5es preventivas e corretivas e todos os tipos de ve\\u00edculos, importados e nacionais. Revis\\u00f5es b\\u00e1sicas para carros populares, esportivos ou cl\\u00e1ssicos.\"}}]}]}]}],\"version\":\"1.21.10\",\"props\":[]} --><\/p>\n","protected":false},"excerpt":{"rendered":"<p>MEC\u00c2NICA ESPECIALIZADA npc-show-marcas-mercedes npc-show-marcas-bmw npc-show-marcas-porsche npc-show-marcas-audi npc-show-marcas-ferrari npc-show-marcas-alfa npc-show-marcas-lamb npc-show-marcas-jag npc-show-marcas-rolls npc-show-marcas-bentley npc-show-marcas-land npc-show-marcas-nissan Fazemos manuten\u00e7\u00f5es preventivas e corretivas e todos os tipos de ve\u00edculos, importados e nacionais. Revis\u00f5es b\u00e1sicas para carros populares, esportivos ou cl\u00e1ssicos.<\/p>\n","protected":false},"author":1,"featured_media":0,"parent":0,"menu_order":0,"comment_status":"closed","ping_status":"closed","template":"","meta":{"_acf_changed":false,"_joinchat":[],"footnotes":""},"class_list":["post-16","page","type-page","status-publish","hentry"],"acf":[],"_links":{"self":[{"href":"https:\/\/npcperformance.com.br\/site\/wp-json\/wp\/v2\/pages\/16","targetHints":{"allow":["GET"]}}],"collection":[{"href":"https:\/\/npcperformance.com.br\/site\/wp-json\/wp\/v2\/pages"}],"about":[{"href":"https:\/\/npcperformance.com.br\/site\/wp-json\/wp\/v2\/types\/page"}],"author":[{"embeddable":true,"href":"https:\/\/npcperformance.com.br\/site\/wp-json\/wp\/v2\/users\/1"}],"replies":[{"embeddable":true,"href":"https:\/\/npcperformance.com.br\/site\/wp-json\/wp\/v2\/comments?post=16"}],"version-history":[{"count":11,"href":"https:\/\/npcperformance.com.br\/site\/wp-json\/wp\/v2\/pages\/16\/revisions"}],"predecessor-version":[{"id":512,"href":"https:\/\/npcperformance.com.br\/site\/wp-json\/wp\/v2\/pages\/16\/revisions\/512"}],"wp:attachment":[{"href":"https:\/\/npcperformance.com.br\/site\/wp-json\/wp\/v2\/media?parent=16"}],"curies":[{"name":"wp","href":"https:\/\/api.w.org\/{rel}","templated":true}]}}